 factor of 649266?
False
Is 64 a factor of 762752?
True
Does 3 divide 12000?
True
Does 75 divide 414792?
False
Does 10 divide 287457?
False
Does 151 divide 483342?
False
Is 57 a factor of 841993?
False
Is 335401 a multiple of 652?
False
Is 15710192 a multiple of 10?
False
Is 12 a factor of 1998900?
True
Does 526 divide 1245984?
False
Is 134 a factor of 80452?
False
Is 39970 a multiple of 14?
True
Is 42 a factor of 38170?
False
Does 144 divide 157968?
True
Is 6017601 a multiple of 617?
True
Is 1085 a factor of 6233287?
False
Is 3175223 a multiple of 19?
True
Does 1772 divide 356172?
True
Is 10 a factor of 70110?
True
Does 24 divide 360831?
False
Is 358512 a multiple of 132?
True
Is 3600842 a multiple of 155?
False
Is 9 a factor of 3612762?
True
Does 9 divide 271457?
False
Is 1908075 a multiple of 285?
True
Is 41 a factor of 1293099?
True
Does 30 divide 125087?
False
Does 803 divide 1336121?
False
Is 113464 a multiple of 27?
False
Does 11 divide 317061?
False
Is 10 a factor of 84015?
False
Is 7720967 a multiple of 183?
False
Is 74 a factor of 1426570?
False
Is 35 a factor of 138430?
False
Is 31836 a multiple of 73?
False
Is 331 a factor of 4126343?
False
Does 53 divide 237610?
False
Is 10041645 a multiple of 15?
True
Is 2 a factor of 1032947?
False
Is 446291 a multiple of 19?
True
Is 6 a factor of 89850?
True
Is 24 a factor of 102120?
True
Is 619906 a multiple of 8?
False
Is 50965 a multiple of 108?
False
Does 27 divide 74331?
True
Is 1370127 a multiple of 329?
False
Does 43 divide 829513?
True
Is 4523645 a multiple of 7?
True
Is 3680908 a multiple of 476?
True
Is 11 a factor of 205978?
False
Is 23 a factor of 736393?
False
Is 9583549 a multiple of 37?
False
Does 21 divide 712131?
True
Is 17 a factor of 374086?
False
Is 513330 a multiple of 161?
False
Is 30 a factor of 3710491?
False
Does 436 divide 488525?
False
Is 23 a factor of 7397605?
True
Is 28 a factor of 2156?
True
Is 1110698 a multiple of 12?
False
Does 65 divide 5313880?
True
Does 158 divide 245825?
False
Does 53 divide 1105951?
True
Is 2571194 a multiple of 142?
True
Is 136460 a multiple of 21?
False
Is 19588136 a multiple of 94?
False
Is 1428559 a multiple of 806?
False
Is 2510576 a multiple of 16?
True
Is 1780272 a multiple of 117?
True
Is 680 a factor of 658920?
True
Is 89891 a multiple of 58?
False
Is 141696 a multiple of 123?
True
Does 22 divide 16895516?
True
Does 200 divide 7408200?
True
Does 3 divide 15685?
False
Does 1035 divide 14372010?
True
Is 15478023 a multiple of 1810?
False
Does 113 divide 43053?
True
Is 106 a factor of 90380?
False
Is 160433 a multiple of 8?
False
Does 267 divide 461023?
False
Is 3225525 a multiple of 75?
True
Does 1444 divide 2567432?
True
Is 319515 a multiple of 85?
True
Is 179400 a multiple of 46?
True
Is 1490 a factor of 3921239?
False
Does 344 divide 1172352?
True
Is 5320196 a multiple of 7?
True
Does 3 divide 610495?
False
Does 100 divide 39600?
True
Is 243939 a multiple of 1333?
True
Is 344527 a multiple of 467?
False
Does 43 divide 3602239?
True
Is 33544 a multiple of 53?
False
Is 501 a factor of 22117491?
False
Is 19371300 a multiple of 78?
True
Is 1015 a factor of 4696283?
False
Does 509 divide 10576946?
False
Is 3620891 a multiple of 157?
True
Does 32 divide 19915678?
False
Is 494965 a multiple of 5?
True
Is 130390 a multiple of 221?
True
Does 145 divide 556800?
True
Is 47 a factor of 595763?
False
Is 22 a factor of 93988?
False
Is 55786 a multiple of 450?
False
Is 17 a factor of 27675507?
True
Is 189149 a multiple of 89?
False
Is 13 a factor of 47255?
True
Is 11 a factor of 121539?
True
Does 216 divide 366336?
True
Is 199436 a multiple of 557?
False
Is 5052201 a multiple of 29?
False
Is 30 a factor of 85308?
False
Is 32175 a multiple of 9?
True
Is 18 a factor of 17931577?
False
Does 20 divide 1865267?
False
Does 6 divide 23638?
False
Is 428380 a multiple of 10?
True
Is 1037114 a multiple of 8?
False
Is 298 a factor of 6101330?
False
Does 69 divide 413976?
False
Is 81700 a multiple of 76?
True
Is 129 a factor of 222993?
False
Does 2 divide 75941?
False
Is 205321 a multiple of 79?
True
Is 42 a factor of 36520?
False
Is 319 a factor of 237974?
True
Does 10 divide 3951726?
False
Is 372 a factor of 59520?
True
Does 85 divide 1309085?
True
Does 14 divide 45?
False
Does 1528 divide 21184192?
True
Does 8 divide 1659480?
True
Does 20 divide 65888?
False
Is 4 a factor of 3090162?
False
Does 226 divide 1771498?
False
Is 35728 a multiple of 406?
True
Does 14 divide 921768?
False
Is 46 a factor of 7511616?
True
Is 22 a factor of 255989?
False
Is 3044158 a multiple of 88?
False
Does 2 divide 53331?
False
Is 50 a factor of 52530?
False
Does 254 divide 82001?
False
Does 24 divide 330361?
False
Is 7432128 a multiple of 48?
True
Does 123 divide 1711492?
False
Is 42 a factor of 484176?
True
Is 10 a factor of 115631?
False
Is 204375 a multiple of 25?
True
Does 18 divide 290268?
True
Is 443902 a multiple of 37?
False
Does 9 divide 1645704?
True
Is 251 a factor of 64758?
True
Is 144 a factor of 2519424?
True
Does 9 divide 44910?
True
Does 36 divide 315468?
True
Does 40 divide 47440?
True
Is 383983 a multiple of 420?
False
Is 569415 a multiple of 187?
True
Does 66 divide 2048574?
True
Does 298 divide 171273?
False
Is 68 a factor of 1639920?
False
Is 9 a factor of 3895344?
True
Does 14 divide 8482502?
True
Is 25907 a multiple of 135?
False
Does 30 divide 204786?
False
Does 111 divide 593406?
True
Does 15 divide 2326046?
False
Is 122481 a multiple of 93?
True
Is 224 a factor of 90441?
False
Is 80729 a multiple of 333?
False
Is 114 a factor of 119358?
True
Is 207 a factor of 2687688?
True
Is 12 a factor of 8591076?
True
Does 263 divide 335256?
False
Does 62 divide 191888?
False
Is 57057 a multiple of 231?
True
Is 125624 a multiple of 7?
False
Is 10744 a multiple of 79?
True
Is 3631368 a multiple of 156?
True
Is 159 a factor of 160590?
True
Does 663 divide 16918362?
False
Is 5921119 a multiple of 198?
False
Is 6 a factor of 59157?
False
Does 18 divide 324074?
False
Does 144 divide 52560?
True
Is 8 a factor of 3779?
False
Is 82498 a multiple of 2?
True
Does 178 divide 71556?
True
Does 1398 divide 19564662?
False
Does 7 divide 43078?
True
Does 81 divide 136647?
True
Does 17 divide 234770?
True
Is 19867135 a multiple of 220?
False
Is 663780 a multiple of 15?
True
Is 112585 a multiple of 55?
True
Does 3 divide 3874998?
True
Does 13 divide 5541398?
False
Does 11 divide 15242?
False
Is 6358590 a multiple of 45?
True
Is 213 a factor of 53676?
True
Is 11360769 a multiple of 2507?
False
Is 6571321 a multiple of 19?
True
Is 97 a factor of 42874?
True
Is 152280 a multiple of 376?
True
Is 79999 a multiple of 11?
False
Does 92 divide 5190272?
True
Is 11 a factor of 45960?
False
Is 278313 a multiple of 7?
True
Is 24512533 a multiple of 29?
False
Is 8 a factor of 29481?
False
Is 4 a factor of 114137?
False
Is 110273 a multiple of 12?
False
Does 81 divide 74253?
False
Does 247 divide 1026532?
True
Is 7 a factor of 71141?
True
Is 4819 a multiple of 16?
False
Does 176 divide 11592159?
False
Is 5 a factor of 197130?
True
Is 490 a factor of 407190?
True
Is 39992 a multiple of 110?
False
Is 46 a factor of 2003852?
True
Is 7389072 a multiple of 18?
True
Is 346364 a multiple of 524?
True
Does 624 divide 2082288?
True
Does 24 divide 51761?
False
Does 6 divide 41983?
False
Is 175 a factor of 55142?
False
Is 11 a factor of 344785?
False
Is 20 a factor of 184411?
False
Is 138 a factor of 125858?
False
Is 1000110 a multiple of 161?
False
Does 6 divide 30000?
True
Does 13 divide 259533?
False
Is 1356790 a multiple of 52?
False
Is 60 a factor of 16306?
False
Is 15937871 a multiple of 113?
False
Is 13 a factor of 248560?
True
Is 803367 a multiple of 323?
False
Does 107 divide 87089?
False
Is 43935 a multiple of 303?
True
Does 242 divide 14772890?
True
Is 75425 a multiple of 25?
True
Is 6914880 a multiple of 10?
True
Is 19953 a multiple of 15?
False
Is 3890 a multiple of 2?
True
Does 12 divide 19932?
True
Is 202 a factor of 40602?
True
Does 46 divide 16502362?
True
Is 15335025 a multiple of 11?
False
Is 25529 a multiple of 7?
True
Does 47 divide 231623?
False
Is 125280 a multiple of 29?
True
Is 11 a factor of 209807?
False
Does 10 divide 286980?
True
Is 101 a factor of 8067072?
True
Does 18 d